)/(-3).
5
Suppose 3*d + 2 = 254. Suppose d = 4*r + 24. Calculate the remainder when 29 is divided by r.
14
Let d be 0 + -3 + -6 + 2. What is the remainder when 72 is divided by (-173)/d + 6/21?
22
Let r = 2 - -2. Suppose r*o = 43 + 41. Calculate the remainder when o is divided by 11.
10
Suppose -8*c + 4*c + 88 = 0. Suppose 14 - 6 = w. Calculate the remainder when c is divided by w.
6
What is the remainder when 136 is divided by -1 - ((-64)/12)/(2/9)?
21
Let d = 44 - 11. Suppose -3 - 9 = 4*f, -2*g = -3*f - 33. What is the remainder when d is divided by g?
9
Let p(m) = m**3 + m**2 - m - 1. Let o(c) = 3*c**3. Let l(k) = o(k) - 2*p(k). Suppose 2*v + v = 6. Calculate the remainder when 16 is divided by l(v).
4
Let j = 50 - 29. Let p = 211 + -130. Calculate the remainder when p is divided by j.
18
What is the remainder when 62 is divided by 62/2 - (0 - 1)?
30
Let d(c) = -16*c - 2. Suppose -2*r = 2*r - 44. Let u = -15 + r. Calculate the remainder when d(u) is divided by 21.
20
Let t = 15 - 10. Suppose -t*y - 12 = -8*y. Calculate the remainder when 15 is divided by y.
3
Suppose 2*f + b = 33, 4*f - 8*b + 3*b = 73. Let x(z) = -z**3 - z**2 - z - 132. Let r be x(0). Let c = -83 - r. Calculate the remainder when c is divided by f.
15
Let p(r) = -r**3 + 4*r**2 + 21*r + 11. Suppose 48 = 5*w - 3*j - 25, 0 = -w + 5*j - 3. Calculate the remainder when w is divided by p(7).
6
What is the remainder when 30 is divided by -4 - -5 - 7*-1?
6
Let m be 15/6 + (-2)/(-4). Suppose 2 + m = y. Calculate the remainder when 9 is divided by y.
4
Suppose -3*h + 36 + 3 = 0. What is the remainder when 38 is divided by h?
12
Let k = 54 + 14. Calculate the remainder when k is divided by 23.
22
Let j(t) = -t**2 + 9*t - 3. Let y be j(7). Suppose 13 = 4*f - y. Calculate the remainder when 34/((2 - 2) + 2) is divided by f.
5
Suppose 0 = -3*c + 17 + 31. Suppose 0 = 3*a - 8*a + 10. Suppose 2*g - 3*q - 21 = 0, 4*g - 27 = 3*q - a*q. What is the remainder when c is divided by g?
4
Let c = 152 - 49. Let m = c + -57. Let x = 24 - 8. What is the remainder when m is divided by x?
14
Let m(g) = 9*g - 2. Let b be m(5). Suppose 5*u + 55 = 5*k, 0 = -3*k + 2*u + 3*u + b. Calculate the remainder when k is divided by 3.
0
Suppose 5*r = -0*r. Suppose -2*u - 4*c + 7 - 3 = r, 2*u - 10 = 2*c. Calculate the remainder when 11 is divided by u.
3
Let w = 41 + -29. Calculate the remainder when 1488/44 + (-10)/(-55) is divided by w.
10
Let w = -90 + 96. Let b = 4 - 2. Calculate the remainder when w is divided by b.
0
Let m = -11 + 15. Calculate the remainder when m is divided by (5 - 4) + 4/(2 + 2).
0
Suppose -3*n = -2*h + 32, -2*n - 48 = h + 3*h. Suppose -t = -5*w + 4*t + 125, -2*t + 124 = 4*w. What is the remainder when w is divided by 3/(2 + 1) - n?
14
Suppose 3*a - 18 = -3*m, -a - 3*m = -14 - 0. Suppose 28 = a*j - 10. What is the remainder when j is divided by 10?
9
Let q be 4/(-10) + (-274)/(-10). Suppose q = -3*r - 12. Let u = -6 - r. Calculate the remainder when 19 is divided by u.
5
Suppose -14*g + 651 = -7*g. Calculate the remainder when g is divided by 12.
9
Let s(i) = i**3 + 4*i**2 - 4*i. Let x = -2 + 7. Suppose 0 = h - x*h - 16. Calculate the remainder when 46 is divided by s(h).
14
Let n = -3 - -5. Suppose 4*k - 5*t - 23 = 141, k - 28 = -n*t. Suppose 0*q - q + k = 0. Calculate the remainder when q is divided by 19.
17
Let x(q) = -3*q**3 + 2*q**2 - 4*q - 7. Let s(v) = v**3 - v**2 + 2*v + 4. Let t(f) = 5*s(f) + 3*x(f). What is the remainder when t(-2) is divided by 10?
9
Let b(u) = -59*u + 4. Let n be b(3). Let o = n + 247. Calculate the remainder when o is divided by 19.
17
Let s be 0 - 4/((-16)/12). Let x(t) = 4*t**2 - 4*t. Calculate the remainder when x(s) is divided by 9.
6
Suppose -h - 14 = 3*v, 4*h = 2*v + 3*v + 29. Let j = 3 - h. Suppose j*f - 54 = -2*t, f + 0*t - t = 29. What is the remainder when f is divided by 15?
13
Suppose f - 4*f + 15 = 0. Calculate the remainder when 19 is divided by f.
4
Suppose -4*x + 0*m - 4*m = -80, 4*m = 2*x - 52. What is the remainder when 86 is divided by x?
20
Suppose -5*u - 62 = -7*u. What is the remainder when 92 is divided by u?
30
Calculate the remainder when 188 is divided by (-10 + 14)*(-1)/2*-16.
28
Suppose -2*k + 39 - 5 = 4*x, -3*k = -5*x + 37. What is the remainder when x is divided by ((-1 - 0) + -4)*-1?
3
What is the remainder when (8 + 105/(-10))*(-108)/10 is divided by 17?
10
Suppose -4*q = q - 3*v - 812, 644 = 4*q - v. Let d = -33 + 85. Calculate the remainder when d is divided by 4/12 - q/(-6).
25
Let r(f) = -14*f**3 - f**2 + 0*f**3 - 5*f**3. Calculate the remainder when r(-1) is divided by 5.
3
Let l = 28 - -16. Suppose -5*s + 130 = -a, a + l = 4*s - 61. What is the remainder when s is divided by 2/4*-1*-26?
12
Let r(c) = -c**2 + c + 15. Let w be r(4). Suppose 18 = 2*q - 2. Suppose 3*m + m - 8 = 4*a, -w*m - a + q = 0. What is the remainder when 7 is divided by m?
1
Let u(n) = -2*n + 3. Let r be u(-6). Let c = r - 7. What is the remainder when 14 is divided by c?
6
Suppose 96 = 5*s + 26. Suppose 0 = 5*t + 3*g - 33 + 8, 4*g = -3*t + 26. Suppose b - 3*y = s, t*b + y = 3*y + 16. What is the remainder when b is divided by 2?
1
Calculate the remainder when 53 is divided by (-2 - (-21)/7)*6/1.
5
Let c(n) = 17*n - 6. Calculate the remainder when c(3) is divided by 12.
9
Let x(t) = t**2 + 3*t - 4. Let b be x(-4). Let s(h) = -h**2 + 15. Let v be s(b). Calculate the remainder when 5 is divided by -2 + (-4)/((-12)/v).
2
Let l = -16 + 29. Let o(s) = -20*s. Let v be o(-2). Suppose v - 3 = x. Calculate the remainder when x is divided by l.
11
Suppose -t + 0*t = 0. Let w(q) = 3 - 24*q - 2 + t. Calculate the remainder when w(-2) is divided by 17.
15
Suppose 25 = -2*a + 5*a + 4*x, -5*a - 2*x = -23. Suppose a*v = -2*v + 200. Calculate the remainder when v is divided by 21.
19
Suppose -3*c - 42 = -z - 5*c, -2*c - 150 = -3*z. Suppose 4*x = -4*d + z, -3*x + 27 = 4*d - 24. What is the remainder when 58 is divided by d?
13
Let a = -14 + 18. Calculate the remainder when (a/(-12))/(2/(-318)) is divided by 28.
25
Let c(i) = -2. Let g(m) = -m + 4. Let w = -7 - -10. Let p(f) = w*g(f) + 7*c(f). Calculate the remainder when p(-9) is divided by 9.
7
Let f(i) = 2*i - 15. Suppose 0 = 4*k + k - 65. Let x = -2 + 6. Calculate the remainder when f(k) is divided by x.
3
Let o = -79 - -87. What is the remainder when 20 is divided by o?
4
Suppose 3*x = 2*d - 57, 2*d - 5*x + x - 60 = 0. Calculate the remainder when d is divided by 19.
5
Let l be 1 + (-1*2 - 18). Let p = l - -36. Suppose 7*s - 12 = 5*s. What is the remainder when p is divided by s?
5
Suppose 5*q - 2*q - v - 52 = 0, 0 = -3*v + 6. What is the remainder when 34 is divided by q?
16
Let r(y) = -y**3 + 4*y**2 + 3*y - 5. Let j be r(4). Calculate the remainder when 85 is divided by 156/7 - 2/j.
19
Let u(n) = -2*n. Let p(m) = m**2 - m. Suppose -4*o + s + 2*s + 3 = 0, 3*o + 3 = 4*s. What is the remainder when u(-5) is divided by p(o)?
4
Let t(i) = i**2 + 8*i - 8*i - 1. Let p be t(-6). Suppose 0 = -c + p - 7. What is the remainder when c is divided by 15?
13
Suppose 3*y + 2 = 5. Let x = y + -1. Suppose 4*f = 3*t + 101, 2*f - 5*t - 74 + 27 = x. What is the remainder when f is divided by 9?
8
Suppose r - 2*m - 3*m = -11, m - 3 = 0. Let n(w) = -w + 12. Let g be n(10). Calculate the remainder when r is divided by 8/5 - g/(-5).
0
Let s = -74 + 108. Calculate the remainder when s is divided by 18.
16
Let r = 6 - -7. Suppose 2*c = 6*c - 96. What is the remainder when c is divided by r?
11
Suppose -b = -4, -b - 2*b = 4*d - 24. Suppose -j + 42 = 4*z + 4*j, z + d*j = 14. What is the remainder when 15 is divided by z?
7
Suppose b + 0*b + 5*z - 20 = 0, -5*z = 4*b - 155. Calculate the remainder when b is divided by 24.
21
What is the remainder when (-6350)/(-75) - (-4)/(-6) is divided by 18?
12
Let x(o) = 21*o. Calculate the remainder when 59 is divided by x(1).
17
Suppose -9 = 4*s + 3. Let k = -4 - s. What is the remainder when -3 + (1 - k) - -51 is divided by 17?
16
Suppose -8*c - 15 = -399. What is the remainder when c is divided by 17?
14
Let n(i) = 4*i**2 - 12*i + 12. Let q(w) = -5*w**2 + 13*w - 13. Let j(k) = -4*n(k) - 3*q(k). Calculate the remainder when j(7) is divided by 1/2*(7 + -1).
2
Suppose 4*x + 4*w = 64, 3*w = -0*w. Calculat